{"id":1952,"date":"2020-02-11T12:11:00","date_gmt":"2020-02-11T12:11:00","guid":{"rendered":"http:\/\/vitoria.cnt.es\/mh\/wp-content\/uploads\/sites\/2\/2020\/02\/02-cnt-sindicato-unico-vitoria-solicitud-solar-para-local-social-documento-cnt-16-11-1931-1.jpg"},"modified":"2020-02-11T12:17:56","modified_gmt":"2020-02-11T12:17:56","slug":"02-cnt-sindicato-unico-vitoria-solicitud-solar-para-local-social-documento-cnt-16-11-1931-1","status":"inherit","type":"attachment","link":"https:\/\/vitoria.cnt.es\/mh\/02-cnt-sindicato-unico-vitoria-solicitud-solar-para-local-social-documento-cnt-16-11-1931-1\/","title":{"rendered":"02-CNT Sindicato \u00danico Vitoria. Solicitud solar para local social. Escrito del Sindicato, primera p\u00e1gina. 16-11-1931"},"author":1,"featured_media":0,"comment_status":"closed","ping_status":"closed","template":"","meta":{"jetpack_post_was_ever_published":false},"class_list":["post-1952","attachment","type-attachment","status-inherit","hentry"],"jetpack_sharing_enabled":true,"jetpack_shortlink":"https:\/\/wp.me\/a58fhe-vu","description":{"rendered":"<p class=\"attachment\"><a href='https:\/\/vitoria.cnt.es\/mh\/wp-content\/uploads\/sites\/2\/2020\/02\/02-cnt-sindicato-unico-vitoria-solicitud-solar-para-local-social-documento-cnt-16-11-1931-1.jpg'><img loading=\"lazy\" decoding=\"async\" width=\"198\" height=\"300\" src=\"https:\/\/vitoria.cnt.es\/mh\/wp-content\/uploads\/sites\/2\/2020\/02\/02-cnt-sindicato-unico-vitoria-solicitud-solar-para-local-social-documento-cnt-16-11-1931-1-198x300.jpg\" class=\"attachment-medium size-medium\" alt=\"16-11-1931. CNT Sindicato \u00danico de Vitoria. Solicitud solar para local social. Escrito Sindicato primera p\u00e1gina\" srcset=\"https:\/\/vitoria.cnt.es\/mh\/wp-content\/uploads\/sites\/2\/2020\/02\/02-cnt-sindicato-unico-vitoria-solicitud-solar-para-local-social-documento-cnt-16-11-1931-1-198x300.jpg 198w, https:\/\/vitoria.cnt.es\/mh\/wp-content\/uploads\/sites\/2\/2020\/02\/02-cnt-sindicato-unico-vitoria-solicitud-solar-para-local-social-documento-cnt-16-11-1931-1-768x1163.jpg 768w, https:\/\/vitoria.cnt.es\/mh\/wp-content\/uploads\/sites\/2\/2020\/02\/02-cnt-sindicato-unico-vitoria-solicitud-solar-para-local-social-documento-cnt-16-11-1931-1-462x700.jpg 462w, https:\/\/vitoria.cnt.es\/mh\/wp-content\/uploads\/sites\/2\/2020\/02\/02-cnt-sindicato-unico-vitoria-solicitud-solar-para-local-social-documento-cnt-16-11-1931-1-396x600.jpg 396w, https:\/\/vitoria.cnt.es\/mh\/wp-content\/uploads\/sites\/2\/2020\/02\/02-cnt-sindicato-unico-vitoria-solicitud-solar-para-local-social-documento-cnt-16-11-1931-1-106x160.jpg 106w, https:\/\/vitoria.cnt.es\/mh\/wp-content\/uploads\/sites\/2\/2020\/02\/02-cnt-sindicato-unico-vitoria-solicitud-solar-para-local-social-documento-cnt-16-11-1931-1-16x24.jpg 16w, https:\/\/vitoria.cnt.es\/mh\/wp-content\/uploads\/sites\/2\/2020\/02\/02-cnt-sindicato-unico-vitoria-solicitud-solar-para-local-social-documento-cnt-16-11-1931-1-24x36.jpg 24w, https:\/\/vitoria.cnt.es\/mh\/wp-content\/uploads\/sites\/2\/2020\/02\/02-cnt-sindicato-unico-vitoria-solicitud-solar-para-local-social-documento-cnt-16-11-1931-1-32x48.jpg 32w, https:\/\/vitoria.cnt.es\/mh\/wp-content\/uploads\/sites\/2\/2020\/02\/02-cnt-sindicato-unico-vitoria-solicitud-solar-para-local-social-documento-cnt-16-11-1931-1.jpg 1057w\" sizes=\"auto, (max-width: 198px) 100vw, 198px\" \/><\/a><\/p>\n<p>Escrito del Sindicato \u00danico de CNT de Vitoria solicitando un solar para la construcci\u00f3n de un edificio social. Primera p\u00e1gina. 16 de noviembre de 1931<\/p>\n"},"caption":{"rendered":"<p>16 de noviembre de 1931. Escrito del Sindicato \u00danico solicitando un solar para la construcci\u00f3n de un edificio social. Primera p\u00e1gina<\/p>\n"},"alt_text":"16-11-1931. CNT Sindicato \u00danico de Vitoria. Solicitud solar para local social. Escrito Sindicato primera p\u00e1gina","media_type":"image","mime_type":"image\/jpeg","media_details":{"width":1057,"height":1600,"file":"2020\/02\/02-cnt-sindicato-unico-vitoria-solicitud-solar-para-local-social-documento-cnt-16-11-1931-1.jpg","sizes":{"thumbnail":{"file":"02-cnt-sindicato-unico-vitoria-solicitud-solar-para-local-social-documento-cnt-16-11-1931-1-150x150.jpg","width":150,"height":150,"mime_type":"image\/jpeg","source_url":"https:\/\/vitoria.cnt.es\/mh\/wp-content\/uploads\/sites\/2\/2020\/02\/02-cnt-sindicato-unico-vitoria-solicitud-solar-para-local-social-documento-cnt-16-11-1931-1-150x150.jpg"},"medium":{"file":"02-cnt-sindicato-unico-vitoria-solicitud-solar-para-local-social-documento-cnt-16-11-1931-1-198x300.jpg","width":198,"height":300,"mime_type":"image\/jpeg","source_url":"https:\/\/vitoria.cnt.es\/mh\/wp-content\/uploads\/sites\/2\/2020\/02\/02-cnt-sindicato-unico-vitoria-solicitud-solar-para-local-social-documento-cnt-16-11-1931-1-198x300.jpg"},"medium_large":{"file":"02-cnt-sindicato-unico-vitoria-solicitud-solar-para-local-social-documento-cnt-16-11-1931-1-768x1163.jpg","width":768,"height":1163,"mime_type":"image\/jpeg","source_url":"https:\/\/vitoria.cnt.es\/mh\/wp-content\/uploads\/sites\/2\/2020\/02\/02-cnt-sindicato-unico-vitoria-solicitud-solar-para-local-social-documento-cnt-16-11-1931-1-768x1163.jpg"},"large":{"file":"02-cnt-sindicato-unico-vitoria-solicitud-solar-para-local-social-documento-cnt-16-11-1931-1-462x700.jpg","width":462,"height":700,"mime_type":"image\/jpeg","source_url":"https:\/\/vitoria.cnt.es\/mh\/wp-content\/uploads\/sites\/2\/2020\/02\/02-cnt-sindicato-unico-vitoria-solicitud-solar-para-local-social-documento-cnt-16-11-1931-1-462x700.jpg"},"classic-grid-listing":{"file":"02-cnt-sindicato-unico-vitoria-solicitud-solar-para-local-social-documento-cnt-16-11-1931-1-396x600.jpg","width":396,"height":600,"mime_type":"image\/jpeg","source_url":"https:\/\/vitoria.cnt.es\/mh\/wp-content\/uploads\/sites\/2\/2020\/02\/02-cnt-sindicato-unico-vitoria-solicitud-solar-para-local-social-documento-cnt-16-11-1931-1-396x600.jpg"},"classic-list-listing":{"file":"02-cnt-sindicato-unico-vitoria-solicitud-solar-para-local-social-documento-cnt-16-11-1931-1-106x160.jpg","width":106,"height":160,"mime_type":"image\/jpeg","source_url":"https:\/\/vitoria.cnt.es\/mh\/wp-content\/uploads\/sites\/2\/2020\/02\/02-cnt-sindicato-unico-vitoria-solicitud-solar-para-local-social-documento-cnt-16-11-1931-1-106x160.jpg"},"modern-grid-listing":{"file":"02-cnt-sindicato-unico-vitoria-solicitud-solar-para-local-social-documento-cnt-16-11-1931-1-600x384.jpg","width":600,"height":384,"mime_type":"image\/jpeg","source_url":"https:\/\/vitoria.cnt.es\/mh\/wp-content\/uploads\/sites\/2\/2020\/02\/02-cnt-sindicato-unico-vitoria-solicitud-solar-para-local-social-documento-cnt-16-11-1931-1-600x384.jpg"},"product-page-image":{"file":"02-cnt-sindicato-unico-vitoria-solicitud-solar-para-local-social-documento-cnt-16-11-1931-1-396x600.jpg","width":396,"height":600,"mime_type":"image\/jpeg","source_url":"https:\/\/vitoria.cnt.es\/mh\/wp-content\/uploads\/sites\/2\/2020\/02\/02-cnt-sindicato-unico-vitoria-solicitud-solar-para-local-social-documento-cnt-16-11-1931-1-396x600.jpg"},"product-category-page-image":{"file":"02-cnt-sindicato-unico-vitoria-solicitud-solar-para-local-social-documento-cnt-16-11-1931-1-396x600.jpg","width":396,"height":600,"mime_type":"image\/jpeg","source_url":"https:\/\/vitoria.cnt.es\/mh\/wp-content\/uploads\/sites\/2\/2020\/02\/02-cnt-sindicato-unico-vitoria-solicitud-solar-para-local-social-documento-cnt-16-11-1931-1-396x600.jpg"},"graphene_slider":{"file":"02-cnt-sindicato-unico-vitoria-solicitud-solar-para-local-social-documento-cnt-16-11-1931-1-847x400.jpg","width":847,"height":400,"mime_type":"image\/jpeg","source_url":"https:\/\/vitoria.cnt.es\/mh\/wp-content\/uploads\/sites\/2\/2020\/02\/02-cnt-sindicato-unico-vitoria-solicitud-solar-para-local-social-documento-cnt-16-11-1931-1-847x400.jpg"},"post-thumbnail":{"file":"02-cnt-sindicato-unico-vitoria-solicitud-solar-para-local-social-documento-cnt-16-11-1931-1-1057x230.jpg","width":1057,"height":230,"mime_type":"image\/jpeg","source_url":"https:\/\/vitoria.cnt.es\/mh\/wp-content\/uploads\/sites\/2\/2020\/02\/02-cnt-sindicato-unico-vitoria-solicitud-solar-para-local-social-documento-cnt-16-11-1931-1-1057x230.jpg"},"menu-24x24":{"file":"02-cnt-sindicato-unico-vitoria-solicitud-solar-para-local-social-documento-cnt-16-11-1931-1-16x24.jpg","width":16,"height":24,"mime_type":"image\/jpeg","source_url":"https:\/\/vitoria.cnt.es\/mh\/wp-content\/uploads\/sites\/2\/2020\/02\/02-cnt-sindicato-unico-vitoria-solicitud-solar-para-local-social-documento-cnt-16-11-1931-1-16x24.jpg"},"menu-36x36":{"file":"02-cnt-sindicato-unico-vitoria-solicitud-solar-para-local-social-documento-cnt-16-11-1931-1-24x36.jpg","width":24,"height":36,"mime_type":"image\/jpeg","source_url":"https:\/\/vitoria.cnt.es\/mh\/wp-content\/uploads\/sites\/2\/2020\/02\/02-cnt-sindicato-unico-vitoria-solicitud-solar-para-local-social-documento-cnt-16-11-1931-1-24x36.jpg"},"menu-48x48":{"file":"02-cnt-sindicato-unico-vitoria-solicitud-solar-para-local-social-documento-cnt-16-11-1931-1-32x48.jpg","width":32,"height":48,"mime_type":"image\/jpeg","source_url":"https:\/\/vitoria.cnt.es\/mh\/wp-content\/uploads\/sites\/2\/2020\/02\/02-cnt-sindicato-unico-vitoria-solicitud-solar-para-local-social-documento-cnt-16-11-1931-1-32x48.jpg"},"full":{"file":"02-cnt-sindicato-unico-vitoria-solicitud-solar-para-local-social-documento-cnt-16-11-1931-1.jpg","width":1057,"height":1600,"mime_type":"image\/jpeg","source_url":"https:\/\/vitoria.cnt.es\/mh\/wp-content\/uploads\/sites\/2\/2020\/02\/02-cnt-sindicato-unico-vitoria-solicitud-solar-para-local-social-documento-cnt-16-11-1931-1.jpg"}},"image_meta":{"aperture":"0","credit":"","camera":"","caption":"","created_timestamp":"0","copyright":"","focal_length":"0","iso":"0","shutter_speed":"0","title":"","orientation":"0","keywords":[]}},"post":null,"source_url":"https:\/\/vitoria.cnt.es\/mh\/wp-content\/uploads\/sites\/2\/2020\/02\/02-cnt-sindicato-unico-vitoria-solicitud-solar-para-local-social-documento-cnt-16-11-1931-1.jpg","_links":{"self":[{"href":"https:\/\/vitoria.cnt.es\/mh\/wp-json\/wp\/v2\/media\/1952","targetHints":{"allow":["GET"]}}],"collection":[{"href":"https:\/\/vitoria.cnt.es\/mh\/wp-json\/wp\/v2\/media"}],"about":[{"href":"https:\/\/vitoria.cnt.es\/mh\/wp-json\/wp\/v2\/types\/attachment"}],"author":[{"embeddable":true,"href":"https:\/\/vitoria.cnt.es\/mh\/wp-json\/wp\/v2\/users\/1"}],"replies":[{"embeddable":true,"href":"https:\/\/vitoria.cnt.es\/mh\/wp-json\/wp\/v2\/comments?post=1952"}]}}

02-CNT Sindicato Único Vitoria. Solicitud solar para local social. Escrito del Sindicato, primera página. 16-11-1931

<p class="attachment"><a href='https://vitoria.cnt.es/mh/wp-content/uploads/sites/2/2020/02/02-cnt-sindicato-unico-vitoria-solicitud-solar-para-local-social-documento-cnt-16-11-1931-1.jpg'><img loading="lazy" decoding="async" width="198" height="300" src="https://vitoria.cnt.es/mh/wp-content/uploads/sites/2/2020/02/02-cnt-sindicato-unico-vitoria-solicitud-solar-para-local-social-documento-cnt-16-11-1931-1-198x300.jpg" class="attachment-medium size-medium" alt="16-11-1931. CNT Sindicato Único de Vitoria. Solicitud solar para local social. Escrito Sindicato primera página" srcset="https://vitoria.cnt.es/mh/wp-content/uploads/sites/2/2020/02/02-cnt-sindicato-unico-vitoria-solicitud-solar-para-local-social-documento-cnt-16-11-1931-1-198x300.jpg 198w, https://vitoria.cnt.es/mh/wp-content/uploads/sites/2/2020/02/02-cnt-sindicato-unico-vitoria-solicitud-solar-para-local-social-documento-cnt-16-11-1931-1-768x1163.jpg 768w, https://vitoria.cnt.es/mh/wp-content/uploads/sites/2/2020/02/02-cnt-sindicato-unico-vitoria-solicitud-solar-para-local-social-documento-cnt-16-11-1931-1-462x700.jpg 462w, https://vitoria.cnt.es/mh/wp-content/uploads/sites/2/2020/02/02-cnt-sindicato-unico-vitoria-solicitud-solar-para-local-social-documento-cnt-16-11-1931-1-396x600.jpg 396w, https://vitoria.cnt.es/mh/wp-content/uploads/sites/2/2020/02/02-cnt-sindicato-unico-vitoria-solicitud-solar-para-local-social-documento-cnt-16-11-1931-1-106x160.jpg 106w, https://vitoria.cnt.es/mh/wp-content/uploads/sites/2/2020/02/02-cnt-sindicato-unico-vitoria-solicitud-solar-para-local-social-documento-cnt-16-11-1931-1-16x24.jpg 16w, https://vitoria.cnt.es/mh/wp-content/uploads/sites/2/2020/02/02-cnt-sindicato-unico-vitoria-solicitud-solar-para-local-social-documento-cnt-16-11-1931-1-24x36.jpg 24w, https://vitoria.cnt.es/mh/wp-content/uploads/sites/2/2020/02/02-cnt-sindicato-unico-vitoria-solicitud-solar-para-local-social-documento-cnt-16-11-1931-1-32x48.jpg 32w, https://vitoria.cnt.es/mh/wp-content/uploads/sites/2/2020/02/02-cnt-sindicato-unico-vitoria-solicitud-solar-para-local-social-documento-cnt-16-11-1931-1.jpg 1057w" sizes="auto, (max-width: 198px) 100vw, 198px" /></a></p>
<p>Escrito del Sindicato Único de CNT de Vitoria solicitando un solar para la construcción de un edificio social. Primera página. 16 de noviembre de 1931</p>

<p>16 de noviembre de 1931. Escrito del Sindicato Único solicitando un solar para la construcción de un edificio social. Primera página</p>

16-11-1931. CNT Sindicato Único de Vitoria. Solicitud solar para local social. Escrito Sindicato primera página
