{"id":1953,"date":"2020-02-11T12:11:06","date_gmt":"2020-02-11T12:11:06","guid":{"rendered":"http:\/\/vitoria.cnt.es\/mh\/wp-content\/uploads\/sites\/2\/2020\/02\/03-cnt-sindicato-unico-vitoria-solicitud-solar-para-local-social-documento-cnt-16-11-1931-2.jpg"},"modified":"2020-02-11T12:19:14","modified_gmt":"2020-02-11T12:19:14","slug":"03-cnt-sindicato-unico-vitoria-solicitud-solar-para-local-social-documento-cnt-16-11-1931-2","status":"inherit","type":"attachment","link":"https:\/\/vitoria.cnt.es\/mh\/03-cnt-sindicato-unico-vitoria-solicitud-solar-para-local-social-documento-cnt-16-11-1931-2\/","title":{"rendered":"03-CNT Sindicato \u00danico Vitoria. Solicitud solar para local social. Escrito del Sindicato, segunda p\u00e1gina. 16-11-1931"},"author":1,"featured_media":0,"comment_status":"closed","ping_status":"closed","template":"","meta":{"jetpack_post_was_ever_published":false},"class_list":["post-1953","attachment","type-attachment","status-inherit","hentry"],"jetpack_sharing_enabled":true,"jetpack_shortlink":"https:\/\/wp.me\/a58fhe-vv","description":{"rendered":"<p class=\"attachment\"><a href='https:\/\/vitoria.cnt.es\/mh\/wp-content\/uploads\/sites\/2\/2020\/02\/03-cnt-sindicato-unico-vitoria-solicitud-solar-para-local-social-documento-cnt-16-11-1931-2.jpg'><img loading=\"lazy\" decoding=\"async\" width=\"207\" height=\"300\" src=\"https:\/\/vitoria.cnt.es\/mh\/wp-content\/uploads\/sites\/2\/2020\/02\/03-cnt-sindicato-unico-vitoria-solicitud-solar-para-local-social-documento-cnt-16-11-1931-2-207x300.jpg\" class=\"attachment-medium size-medium\" alt=\"16-11-1931. CNT Sindicato \u00danico de Vitoria. Solicitud solar para local social. Escrito Sindicato segunda p\u00e1gina\" srcset=\"https:\/\/vitoria.cnt.es\/mh\/wp-content\/uploads\/sites\/2\/2020\/02\/03-cnt-sindicato-unico-vitoria-solicitud-solar-para-local-social-documento-cnt-16-11-1931-2-207x300.jpg 207w, https:\/\/vitoria.cnt.es\/mh\/wp-content\/uploads\/sites\/2\/2020\/02\/03-cnt-sindicato-unico-vitoria-solicitud-solar-para-local-social-documento-cnt-16-11-1931-2-768x1115.jpg 768w, https:\/\/vitoria.cnt.es\/mh\/wp-content\/uploads\/sites\/2\/2020\/02\/03-cnt-sindicato-unico-vitoria-solicitud-solar-para-local-social-documento-cnt-16-11-1931-2-482x700.jpg 482w, https:\/\/vitoria.cnt.es\/mh\/wp-content\/uploads\/sites\/2\/2020\/02\/03-cnt-sindicato-unico-vitoria-solicitud-solar-para-local-social-documento-cnt-16-11-1931-2-413x600.jpg 413w, https:\/\/vitoria.cnt.es\/mh\/wp-content\/uploads\/sites\/2\/2020\/02\/03-cnt-sindicato-unico-vitoria-solicitud-solar-para-local-social-documento-cnt-16-11-1931-2-110x160.jpg 110w, https:\/\/vitoria.cnt.es\/mh\/wp-content\/uploads\/sites\/2\/2020\/02\/03-cnt-sindicato-unico-vitoria-solicitud-solar-para-local-social-documento-cnt-16-11-1931-2-17x24.jpg 17w, https:\/\/vitoria.cnt.es\/mh\/wp-content\/uploads\/sites\/2\/2020\/02\/03-cnt-sindicato-unico-vitoria-solicitud-solar-para-local-social-documento-cnt-16-11-1931-2-25x36.jpg 25w, https:\/\/vitoria.cnt.es\/mh\/wp-content\/uploads\/sites\/2\/2020\/02\/03-cnt-sindicato-unico-vitoria-solicitud-solar-para-local-social-documento-cnt-16-11-1931-2-33x48.jpg 33w, https:\/\/vitoria.cnt.es\/mh\/wp-content\/uploads\/sites\/2\/2020\/02\/03-cnt-sindicato-unico-vitoria-solicitud-solar-para-local-social-documento-cnt-16-11-1931-2.jpg 1102w\" sizes=\"auto, (max-width: 207px) 100vw, 207px\" \/><\/a><\/p>\n<p>Escrito del Sindicato \u00danico de CNT de Vitoria solicitando un solar para la construcci\u00f3n de un edificio social. Segunda p\u00e1gina. 16 de noviembre de 1931<\/p>\n"},"caption":{"rendered":"<p>16 de noviembre de 1931. Escrito del Sindicato \u00danico solicitando un solar para la construcci\u00f3n de un edificio social. Segunda p\u00e1gina<\/p>\n"},"alt_text":"16-11-1931. CNT Sindicato \u00danico de Vitoria. Solicitud solar para local social. Escrito Sindicato segunda p\u00e1gina","media_type":"image","mime_type":"image\/jpeg","media_details":{"width":1102,"height":1600,"file":"2020\/02\/03-cnt-sindicato-unico-vitoria-solicitud-solar-para-local-social-documento-cnt-16-11-1931-2.jpg","sizes":{"thumbnail":{"file":"03-cnt-sindicato-unico-vitoria-solicitud-solar-para-local-social-documento-cnt-16-11-1931-2-150x150.jpg","width":150,"height":150,"mime_type":"image\/jpeg","source_url":"https:\/\/vitoria.cnt.es\/mh\/wp-content\/uploads\/sites\/2\/2020\/02\/03-cnt-sindicato-unico-vitoria-solicitud-solar-para-local-social-documento-cnt-16-11-1931-2-150x150.jpg"},"medium":{"file":"03-cnt-sindicato-unico-vitoria-solicitud-solar-para-local-social-documento-cnt-16-11-1931-2-207x300.jpg","width":207,"height":300,"mime_type":"image\/jpeg","source_url":"https:\/\/vitoria.cnt.es\/mh\/wp-content\/uploads\/sites\/2\/2020\/02\/03-cnt-sindicato-unico-vitoria-solicitud-solar-para-local-social-documento-cnt-16-11-1931-2-207x300.jpg"},"medium_large":{"file":"03-cnt-sindicato-unico-vitoria-solicitud-solar-para-local-social-documento-cnt-16-11-1931-2-768x1115.jpg","width":768,"height":1115,"mime_type":"image\/jpeg","source_url":"https:\/\/vitoria.cnt.es\/mh\/wp-content\/uploads\/sites\/2\/2020\/02\/03-cnt-sindicato-unico-vitoria-solicitud-solar-para-local-social-documento-cnt-16-11-1931-2-768x1115.jpg"},"large":{"file":"03-cnt-sindicato-unico-vitoria-solicitud-solar-para-local-social-documento-cnt-16-11-1931-2-482x700.jpg","width":482,"height":700,"mime_type":"image\/jpeg","source_url":"https:\/\/vitoria.cnt.es\/mh\/wp-content\/uploads\/sites\/2\/2020\/02\/03-cnt-sindicato-unico-vitoria-solicitud-solar-para-local-social-documento-cnt-16-11-1931-2-482x700.jpg"},"classic-grid-listing":{"file":"03-cnt-sindicato-unico-vitoria-solicitud-solar-para-local-social-documento-cnt-16-11-1931-2-413x600.jpg","width":413,"height":600,"mime_type":"image\/jpeg","source_url":"https:\/\/vitoria.cnt.es\/mh\/wp-content\/uploads\/sites\/2\/2020\/02\/03-cnt-sindicato-unico-vitoria-solicitud-solar-para-local-social-documento-cnt-16-11-1931-2-413x600.jpg"},"classic-list-listing":{"file":"03-cnt-sindicato-unico-vitoria-solicitud-solar-para-local-social-documento-cnt-16-11-1931-2-110x160.jpg","width":110,"height":160,"mime_type":"image\/jpeg","source_url":"https:\/\/vitoria.cnt.es\/mh\/wp-content\/uploads\/sites\/2\/2020\/02\/03-cnt-sindicato-unico-vitoria-solicitud-solar-para-local-social-documento-cnt-16-11-1931-2-110x160.jpg"},"modern-grid-listing":{"file":"03-cnt-sindicato-unico-vitoria-solicitud-solar-para-local-social-documento-cnt-16-11-1931-2-600x384.jpg","width":600,"height":384,"mime_type":"image\/jpeg","source_url":"https:\/\/vitoria.cnt.es\/mh\/wp-content\/uploads\/sites\/2\/2020\/02\/03-cnt-sindicato-unico-vitoria-solicitud-solar-para-local-social-documento-cnt-16-11-1931-2-600x384.jpg"},"product-page-image":{"file":"03-cnt-sindicato-unico-vitoria-solicitud-solar-para-local-social-documento-cnt-16-11-1931-2-413x600.jpg","width":413,"height":600,"mime_type":"image\/jpeg","source_url":"https:\/\/vitoria.cnt.es\/mh\/wp-content\/uploads\/sites\/2\/2020\/02\/03-cnt-sindicato-unico-vitoria-solicitud-solar-para-local-social-documento-cnt-16-11-1931-2-413x600.jpg"},"product-category-page-image":{"file":"03-cnt-sindicato-unico-vitoria-solicitud-solar-para-local-social-documento-cnt-16-11-1931-2-413x600.jpg","width":413,"height":600,"mime_type":"image\/jpeg","source_url":"https:\/\/vitoria.cnt.es\/mh\/wp-content\/uploads\/sites\/2\/2020\/02\/03-cnt-sindicato-unico-vitoria-solicitud-solar-para-local-social-documento-cnt-16-11-1931-2-413x600.jpg"},"graphene_slider":{"file":"03-cnt-sindicato-unico-vitoria-solicitud-solar-para-local-social-documento-cnt-16-11-1931-2-847x400.jpg","width":847,"height":400,"mime_type":"image\/jpeg","source_url":"https:\/\/vitoria.cnt.es\/mh\/wp-content\/uploads\/sites\/2\/2020\/02\/03-cnt-sindicato-unico-vitoria-solicitud-solar-para-local-social-documento-cnt-16-11-1931-2-847x400.jpg"},"post-thumbnail":{"file":"03-cnt-sindicato-unico-vitoria-solicitud-solar-para-local-social-documento-cnt-16-11-1931-2-1102x230.jpg","width":1102,"height":230,"mime_type":"image\/jpeg","source_url":"https:\/\/vitoria.cnt.es\/mh\/wp-content\/uploads\/sites\/2\/2020\/02\/03-cnt-sindicato-unico-vitoria-solicitud-solar-para-local-social-documento-cnt-16-11-1931-2-1102x230.jpg"},"menu-24x24":{"file":"03-cnt-sindicato-unico-vitoria-solicitud-solar-para-local-social-documento-cnt-16-11-1931-2-17x24.jpg","width":17,"height":24,"mime_type":"image\/jpeg","source_url":"https:\/\/vitoria.cnt.es\/mh\/wp-content\/uploads\/sites\/2\/2020\/02\/03-cnt-sindicato-unico-vitoria-solicitud-solar-para-local-social-documento-cnt-16-11-1931-2-17x24.jpg"},"menu-36x36":{"file":"03-cnt-sindicato-unico-vitoria-solicitud-solar-para-local-social-documento-cnt-16-11-1931-2-25x36.jpg","width":25,"height":36,"mime_type":"image\/jpeg","source_url":"https:\/\/vitoria.cnt.es\/mh\/wp-content\/uploads\/sites\/2\/2020\/02\/03-cnt-sindicato-unico-vitoria-solicitud-solar-para-local-social-documento-cnt-16-11-1931-2-25x36.jpg"},"menu-48x48":{"file":"03-cnt-sindicato-unico-vitoria-solicitud-solar-para-local-social-documento-cnt-16-11-1931-2-33x48.jpg","width":33,"height":48,"mime_type":"image\/jpeg","source_url":"https:\/\/vitoria.cnt.es\/mh\/wp-content\/uploads\/sites\/2\/2020\/02\/03-cnt-sindicato-unico-vitoria-solicitud-solar-para-local-social-documento-cnt-16-11-1931-2-33x48.jpg"},"full":{"file":"03-cnt-sindicato-unico-vitoria-solicitud-solar-para-local-social-documento-cnt-16-11-1931-2.jpg","width":1102,"height":1600,"mime_type":"image\/jpeg","source_url":"https:\/\/vitoria.cnt.es\/mh\/wp-content\/uploads\/sites\/2\/2020\/02\/03-cnt-sindicato-unico-vitoria-solicitud-solar-para-local-social-documento-cnt-16-11-1931-2.jpg"}},"image_meta":{"aperture":"0","credit":"","camera":"","caption":"","created_timestamp":"0","copyright":"","focal_length":"0","iso":"0","shutter_speed":"0","title":"","orientation":"0","keywords":[]}},"post":null,"source_url":"https:\/\/vitoria.cnt.es\/mh\/wp-content\/uploads\/sites\/2\/2020\/02\/03-cnt-sindicato-unico-vitoria-solicitud-solar-para-local-social-documento-cnt-16-11-1931-2.jpg","_links":{"self":[{"href":"https:\/\/vitoria.cnt.es\/mh\/wp-json\/wp\/v2\/media\/1953","targetHints":{"allow":["GET"]}}],"collection":[{"href":"https:\/\/vitoria.cnt.es\/mh\/wp-json\/wp\/v2\/media"}],"about":[{"href":"https:\/\/vitoria.cnt.es\/mh\/wp-json\/wp\/v2\/types\/attachment"}],"author":[{"embeddable":true,"href":"https:\/\/vitoria.cnt.es\/mh\/wp-json\/wp\/v2\/users\/1"}],"replies":[{"embeddable":true,"href":"https:\/\/vitoria.cnt.es\/mh\/wp-json\/wp\/v2\/comments?post=1953"}]}}

03-CNT Sindicato Único Vitoria. Solicitud solar para local social. Escrito del Sindicato, segunda página. 16-11-1931

<p class="attachment"><a href='https://vitoria.cnt.es/mh/wp-content/uploads/sites/2/2020/02/03-cnt-sindicato-unico-vitoria-solicitud-solar-para-local-social-documento-cnt-16-11-1931-2.jpg'><img loading="lazy" decoding="async" width="207" height="300" src="https://vitoria.cnt.es/mh/wp-content/uploads/sites/2/2020/02/03-cnt-sindicato-unico-vitoria-solicitud-solar-para-local-social-documento-cnt-16-11-1931-2-207x300.jpg" class="attachment-medium size-medium" alt="16-11-1931. CNT Sindicato Único de Vitoria. Solicitud solar para local social. Escrito Sindicato segunda página" srcset="https://vitoria.cnt.es/mh/wp-content/uploads/sites/2/2020/02/03-cnt-sindicato-unico-vitoria-solicitud-solar-para-local-social-documento-cnt-16-11-1931-2-207x300.jpg 207w, https://vitoria.cnt.es/mh/wp-content/uploads/sites/2/2020/02/03-cnt-sindicato-unico-vitoria-solicitud-solar-para-local-social-documento-cnt-16-11-1931-2-768x1115.jpg 768w, https://vitoria.cnt.es/mh/wp-content/uploads/sites/2/2020/02/03-cnt-sindicato-unico-vitoria-solicitud-solar-para-local-social-documento-cnt-16-11-1931-2-482x700.jpg 482w, https://vitoria.cnt.es/mh/wp-content/uploads/sites/2/2020/02/03-cnt-sindicato-unico-vitoria-solicitud-solar-para-local-social-documento-cnt-16-11-1931-2-413x600.jpg 413w, https://vitoria.cnt.es/mh/wp-content/uploads/sites/2/2020/02/03-cnt-sindicato-unico-vitoria-solicitud-solar-para-local-social-documento-cnt-16-11-1931-2-110x160.jpg 110w, https://vitoria.cnt.es/mh/wp-content/uploads/sites/2/2020/02/03-cnt-sindicato-unico-vitoria-solicitud-solar-para-local-social-documento-cnt-16-11-1931-2-17x24.jpg 17w, https://vitoria.cnt.es/mh/wp-content/uploads/sites/2/2020/02/03-cnt-sindicato-unico-vitoria-solicitud-solar-para-local-social-documento-cnt-16-11-1931-2-25x36.jpg 25w, https://vitoria.cnt.es/mh/wp-content/uploads/sites/2/2020/02/03-cnt-sindicato-unico-vitoria-solicitud-solar-para-local-social-documento-cnt-16-11-1931-2-33x48.jpg 33w, https://vitoria.cnt.es/mh/wp-content/uploads/sites/2/2020/02/03-cnt-sindicato-unico-vitoria-solicitud-solar-para-local-social-documento-cnt-16-11-1931-2.jpg 1102w" sizes="auto, (max-width: 207px) 100vw, 207px" /></a></p>
<p>Escrito del Sindicato Único de CNT de Vitoria solicitando un solar para la construcción de un edificio social. Segunda página. 16 de noviembre de 1931</p>

<p>16 de noviembre de 1931. Escrito del Sindicato Único solicitando un solar para la construcción de un edificio social. Segunda página</p>

16-11-1931. CNT Sindicato Único de Vitoria. Solicitud solar para local social. Escrito Sindicato segunda página
