{"id":1955,"date":"2020-02-11T12:11:16","date_gmt":"2020-02-11T12:11:16","guid":{"rendered":"http:\/\/vitoria.cnt.es\/mh\/wp-content\/uploads\/sites\/2\/2020\/02\/05-cnt-sindicato-unico-vitoria-solicitud-solar-para-local-social-comision-fomento-al-alcalde-4-10-12-1931-4.jpg"},"modified":"2020-02-11T12:40:16","modified_gmt":"2020-02-11T12:40:16","slug":"05-cnt-sindicato-unico-vitoria-solicitud-solar-para-local-social-comision-fomento-al-alcalde-4-10-12-1931-4","status":"inherit","type":"attachment","link":"https:\/\/vitoria.cnt.es\/mh\/05-cnt-sindicato-unico-vitoria-solicitud-solar-para-local-social-comision-fomento-al-alcalde-4-10-12-1931-4\/","title":{"rendered":"05-CNT Sindicato \u00danico Vitoria. Solicitud solar para local social. Comisi\u00f3n de Fomento del Ayuntamiento al alcalde. 4 y 10-12-1931"},"author":1,"featured_media":0,"comment_status":"closed","ping_status":"closed","template":"","meta":{"jetpack_post_was_ever_published":false},"class_list":["post-1955","attachment","type-attachment","status-inherit","hentry"],"jetpack_sharing_enabled":true,"jetpack_shortlink":"https:\/\/wp.me\/a58fhe-vx","description":{"rendered":"<p class=\"attachment\"><a href='https:\/\/vitoria.cnt.es\/mh\/wp-content\/uploads\/sites\/2\/2020\/02\/05-cnt-sindicato-unico-vitoria-solicitud-solar-para-local-social-comision-fomento-al-alcalde-4-10-12-1931-4.jpg'><img loading=\"lazy\" decoding=\"async\" width=\"203\" height=\"300\" src=\"https:\/\/vitoria.cnt.es\/mh\/wp-content\/uploads\/sites\/2\/2020\/02\/05-cnt-sindicato-unico-vitoria-solicitud-solar-para-local-social-comision-fomento-al-alcalde-4-10-12-1931-4-203x300.jpg\" class=\"attachment-medium size-medium\" alt=\"4 y 10-12-1931. CNT Sindicato \u00danico de Vitoria. Solicitud solar para local social. Comisi\u00f3n de Fomento del Ayuntamiento al alcalde\" srcset=\"https:\/\/vitoria.cnt.es\/mh\/wp-content\/uploads\/sites\/2\/2020\/02\/05-cnt-sindicato-unico-vitoria-solicitud-solar-para-local-social-comision-fomento-al-alcalde-4-10-12-1931-4-203x300.jpg 203w, https:\/\/vitoria.cnt.es\/mh\/wp-content\/uploads\/sites\/2\/2020\/02\/05-cnt-sindicato-unico-vitoria-solicitud-solar-para-local-social-comision-fomento-al-alcalde-4-10-12-1931-4-768x1138.jpg 768w, https:\/\/vitoria.cnt.es\/mh\/wp-content\/uploads\/sites\/2\/2020\/02\/05-cnt-sindicato-unico-vitoria-solicitud-solar-para-local-social-comision-fomento-al-alcalde-4-10-12-1931-4-473x700.jpg 473w, https:\/\/vitoria.cnt.es\/mh\/wp-content\/uploads\/sites\/2\/2020\/02\/05-cnt-sindicato-unico-vitoria-solicitud-solar-para-local-social-comision-fomento-al-alcalde-4-10-12-1931-4-405x600.jpg 405w, https:\/\/vitoria.cnt.es\/mh\/wp-content\/uploads\/sites\/2\/2020\/02\/05-cnt-sindicato-unico-vitoria-solicitud-solar-para-local-social-comision-fomento-al-alcalde-4-10-12-1931-4-108x160.jpg 108w, https:\/\/vitoria.cnt.es\/mh\/wp-content\/uploads\/sites\/2\/2020\/02\/05-cnt-sindicato-unico-vitoria-solicitud-solar-para-local-social-comision-fomento-al-alcalde-4-10-12-1931-4-16x24.jpg 16w, https:\/\/vitoria.cnt.es\/mh\/wp-content\/uploads\/sites\/2\/2020\/02\/05-cnt-sindicato-unico-vitoria-solicitud-solar-para-local-social-comision-fomento-al-alcalde-4-10-12-1931-4-24x36.jpg 24w, https:\/\/vitoria.cnt.es\/mh\/wp-content\/uploads\/sites\/2\/2020\/02\/05-cnt-sindicato-unico-vitoria-solicitud-solar-para-local-social-comision-fomento-al-alcalde-4-10-12-1931-4-32x48.jpg 32w, https:\/\/vitoria.cnt.es\/mh\/wp-content\/uploads\/sites\/2\/2020\/02\/05-cnt-sindicato-unico-vitoria-solicitud-solar-para-local-social-comision-fomento-al-alcalde-4-10-12-1931-4.jpg 1080w\" sizes=\"auto, (max-width: 203px) 100vw, 203px\" \/><\/a><\/p>\n<p>Comisi\u00f3n de Fomento del Ayuntamiento al alcalde sobre el escrito del Sindicato \u00danico de CNT de Vitoria solicitando terrenos para la construcci\u00f3n de un edificio social. 4 y 10 de diciembre de 1931<\/p>\n"},"caption":{"rendered":"<p>4 y 10 de diciembre de 1931. Comisi\u00f3n de Fomento del Ayuntamiento al alcalde sobre el escrito del Sindicato \u00danico solicitando terrenos para la construcci\u00f3n de un edificio social<\/p>\n"},"alt_text":"4 y 10-12-1931. CNT Sindicato \u00danico de Vitoria. Solicitud solar para local social. Comisi\u00f3n de Fomento del Ayuntamiento al alcalde","media_type":"image","mime_type":"image\/jpeg","media_details":{"width":1080,"height":1600,"file":"2020\/02\/05-cnt-sindicato-unico-vitoria-solicitud-solar-para-local-social-comision-fomento-al-alcalde-4-10-12-1931-4.jpg","sizes":{"thumbnail":{"file":"05-cnt-sindicato-unico-vitoria-solicitud-solar-para-local-social-comision-fomento-al-alcalde-4-10-12-1931-4-150x150.jpg","width":150,"height":150,"mime_type":"image\/jpeg","source_url":"https:\/\/vitoria.cnt.es\/mh\/wp-content\/uploads\/sites\/2\/2020\/02\/05-cnt-sindicato-unico-vitoria-solicitud-solar-para-local-social-comision-fomento-al-alcalde-4-10-12-1931-4-150x150.jpg"},"medium":{"file":"05-cnt-sindicato-unico-vitoria-solicitud-solar-para-local-social-comision-fomento-al-alcalde-4-10-12-1931-4-203x300.jpg","width":203,"height":300,"mime_type":"image\/jpeg","source_url":"https:\/\/vitoria.cnt.es\/mh\/wp-content\/uploads\/sites\/2\/2020\/02\/05-cnt-sindicato-unico-vitoria-solicitud-solar-para-local-social-comision-fomento-al-alcalde-4-10-12-1931-4-203x300.jpg"},"medium_large":{"file":"05-cnt-sindicato-unico-vitoria-solicitud-solar-para-local-social-comision-fomento-al-alcalde-4-10-12-1931-4-768x1138.jpg","width":768,"height":1138,"mime_type":"image\/jpeg","source_url":"https:\/\/vitoria.cnt.es\/mh\/wp-content\/uploads\/sites\/2\/2020\/02\/05-cnt-sindicato-unico-vitoria-solicitud-solar-para-local-social-comision-fomento-al-alcalde-4-10-12-1931-4-768x1138.jpg"},"large":{"file":"05-cnt-sindicato-unico-vitoria-solicitud-solar-para-local-social-comision-fomento-al-alcalde-4-10-12-1931-4-473x700.jpg","width":473,"height":700,"mime_type":"image\/jpeg","source_url":"https:\/\/vitoria.cnt.es\/mh\/wp-content\/uploads\/sites\/2\/2020\/02\/05-cnt-sindicato-unico-vitoria-solicitud-solar-para-local-social-comision-fomento-al-alcalde-4-10-12-1931-4-473x700.jpg"},"classic-grid-listing":{"file":"05-cnt-sindicato-unico-vitoria-solicitud-solar-para-local-social-comision-fomento-al-alcalde-4-10-12-1931-4-405x600.jpg","width":405,"height":600,"mime_type":"image\/jpeg","source_url":"https:\/\/vitoria.cnt.es\/mh\/wp-content\/uploads\/sites\/2\/2020\/02\/05-cnt-sindicato-unico-vitoria-solicitud-solar-para-local-social-comision-fomento-al-alcalde-4-10-12-1931-4-405x600.jpg"},"classic-list-listing":{"file":"05-cnt-sindicato-unico-vitoria-solicitud-solar-para-local-social-comision-fomento-al-alcalde-4-10-12-1931-4-108x160.jpg","width":108,"height":160,"mime_type":"image\/jpeg","source_url":"https:\/\/vitoria.cnt.es\/mh\/wp-content\/uploads\/sites\/2\/2020\/02\/05-cnt-sindicato-unico-vitoria-solicitud-solar-para-local-social-comision-fomento-al-alcalde-4-10-12-1931-4-108x160.jpg"},"modern-grid-listing":{"file":"05-cnt-sindicato-unico-vitoria-solicitud-solar-para-local-social-comision-fomento-al-alcalde-4-10-12-1931-4-600x384.jpg","width":600,"height":384,"mime_type":"image\/jpeg","source_url":"https:\/\/vitoria.cnt.es\/mh\/wp-content\/uploads\/sites\/2\/2020\/02\/05-cnt-sindicato-unico-vitoria-solicitud-solar-para-local-social-comision-fomento-al-alcalde-4-10-12-1931-4-600x384.jpg"},"product-page-image":{"file":"05-cnt-sindicato-unico-vitoria-solicitud-solar-para-local-social-comision-fomento-al-alcalde-4-10-12-1931-4-405x600.jpg","width":405,"height":600,"mime_type":"image\/jpeg","source_url":"https:\/\/vitoria.cnt.es\/mh\/wp-content\/uploads\/sites\/2\/2020\/02\/05-cnt-sindicato-unico-vitoria-solicitud-solar-para-local-social-comision-fomento-al-alcalde-4-10-12-1931-4-405x600.jpg"},"product-category-page-image":{"file":"05-cnt-sindicato-unico-vitoria-solicitud-solar-para-local-social-comision-fomento-al-alcalde-4-10-12-1931-4-405x600.jpg","width":405,"height":600,"mime_type":"image\/jpeg","source_url":"https:\/\/vitoria.cnt.es\/mh\/wp-content\/uploads\/sites\/2\/2020\/02\/05-cnt-sindicato-unico-vitoria-solicitud-solar-para-local-social-comision-fomento-al-alcalde-4-10-12-1931-4-405x600.jpg"},"graphene_slider":{"file":"05-cnt-sindicato-unico-vitoria-solicitud-solar-para-local-social-comision-fomento-al-alcalde-4-10-12-1931-4-847x400.jpg","width":847,"height":400,"mime_type":"image\/jpeg","source_url":"https:\/\/vitoria.cnt.es\/mh\/wp-content\/uploads\/sites\/2\/2020\/02\/05-cnt-sindicato-unico-vitoria-solicitud-solar-para-local-social-comision-fomento-al-alcalde-4-10-12-1931-4-847x400.jpg"},"post-thumbnail":{"file":"05-cnt-sindicato-unico-vitoria-solicitud-solar-para-local-social-comision-fomento-al-alcalde-4-10-12-1931-4-1080x230.jpg","width":1080,"height":230,"mime_type":"image\/jpeg","source_url":"https:\/\/vitoria.cnt.es\/mh\/wp-content\/uploads\/sites\/2\/2020\/02\/05-cnt-sindicato-unico-vitoria-solicitud-solar-para-local-social-comision-fomento-al-alcalde-4-10-12-1931-4-1080x230.jpg"},"menu-24x24":{"file":"05-cnt-sindicato-unico-vitoria-solicitud-solar-para-local-social-comision-fomento-al-alcalde-4-10-12-1931-4-16x24.jpg","width":16,"height":24,"mime_type":"image\/jpeg","source_url":"https:\/\/vitoria.cnt.es\/mh\/wp-content\/uploads\/sites\/2\/2020\/02\/05-cnt-sindicato-unico-vitoria-solicitud-solar-para-local-social-comision-fomento-al-alcalde-4-10-12-1931-4-16x24.jpg"},"menu-36x36":{"file":"05-cnt-sindicato-unico-vitoria-solicitud-solar-para-local-social-comision-fomento-al-alcalde-4-10-12-1931-4-24x36.jpg","width":24,"height":36,"mime_type":"image\/jpeg","source_url":"https:\/\/vitoria.cnt.es\/mh\/wp-content\/uploads\/sites\/2\/2020\/02\/05-cnt-sindicato-unico-vitoria-solicitud-solar-para-local-social-comision-fomento-al-alcalde-4-10-12-1931-4-24x36.jpg"},"menu-48x48":{"file":"05-cnt-sindicato-unico-vitoria-solicitud-solar-para-local-social-comision-fomento-al-alcalde-4-10-12-1931-4-32x48.jpg","width":32,"height":48,"mime_type":"image\/jpeg","source_url":"https:\/\/vitoria.cnt.es\/mh\/wp-content\/uploads\/sites\/2\/2020\/02\/05-cnt-sindicato-unico-vitoria-solicitud-solar-para-local-social-comision-fomento-al-alcalde-4-10-12-1931-4-32x48.jpg"},"full":{"file":"05-cnt-sindicato-unico-vitoria-solicitud-solar-para-local-social-comision-fomento-al-alcalde-4-10-12-1931-4.jpg","width":1080,"height":1600,"mime_type":"image\/jpeg","source_url":"https:\/\/vitoria.cnt.es\/mh\/wp-content\/uploads\/sites\/2\/2020\/02\/05-cnt-sindicato-unico-vitoria-solicitud-solar-para-local-social-comision-fomento-al-alcalde-4-10-12-1931-4.jpg"}},"image_meta":{"aperture":"0","credit":"","camera":"","caption":"","created_timestamp":"0","copyright":"","focal_length":"0","iso":"0","shutter_speed":"0","title":"","orientation":"0","keywords":[]}},"post":null,"source_url":"https:\/\/vitoria.cnt.es\/mh\/wp-content\/uploads\/sites\/2\/2020\/02\/05-cnt-sindicato-unico-vitoria-solicitud-solar-para-local-social-comision-fomento-al-alcalde-4-10-12-1931-4.jpg","_links":{"self":[{"href":"https:\/\/vitoria.cnt.es\/mh\/wp-json\/wp\/v2\/media\/1955","targetHints":{"allow":["GET"]}}],"collection":[{"href":"https:\/\/vitoria.cnt.es\/mh\/wp-json\/wp\/v2\/media"}],"about":[{"href":"https:\/\/vitoria.cnt.es\/mh\/wp-json\/wp\/v2\/types\/attachment"}],"author":[{"embeddable":true,"href":"https:\/\/vitoria.cnt.es\/mh\/wp-json\/wp\/v2\/users\/1"}],"replies":[{"embeddable":true,"href":"https:\/\/vitoria.cnt.es\/mh\/wp-json\/wp\/v2\/comments?post=1955"}]}}

05-CNT Sindicato Único Vitoria. Solicitud solar para local social. Comisión de Fomento del Ayuntamiento al alcalde. 4 y 10-12-1931

<p class="attachment"><a href='https://vitoria.cnt.es/mh/wp-content/uploads/sites/2/2020/02/05-cnt-sindicato-unico-vitoria-solicitud-solar-para-local-social-comision-fomento-al-alcalde-4-10-12-1931-4.jpg'><img loading="lazy" decoding="async" width="203" height="300" src="https://vitoria.cnt.es/mh/wp-content/uploads/sites/2/2020/02/05-cnt-sindicato-unico-vitoria-solicitud-solar-para-local-social-comision-fomento-al-alcalde-4-10-12-1931-4-203x300.jpg" class="attachment-medium size-medium" alt="4 y 10-12-1931. CNT Sindicato Único de Vitoria. Solicitud solar para local social. Comisión de Fomento del Ayuntamiento al alcalde" srcset="https://vitoria.cnt.es/mh/wp-content/uploads/sites/2/2020/02/05-cnt-sindicato-unico-vitoria-solicitud-solar-para-local-social-comision-fomento-al-alcalde-4-10-12-1931-4-203x300.jpg 203w, https://vitoria.cnt.es/mh/wp-content/uploads/sites/2/2020/02/05-cnt-sindicato-unico-vitoria-solicitud-solar-para-local-social-comision-fomento-al-alcalde-4-10-12-1931-4-768x1138.jpg 768w, https://vitoria.cnt.es/mh/wp-content/uploads/sites/2/2020/02/05-cnt-sindicato-unico-vitoria-solicitud-solar-para-local-social-comision-fomento-al-alcalde-4-10-12-1931-4-473x700.jpg 473w, https://vitoria.cnt.es/mh/wp-content/uploads/sites/2/2020/02/05-cnt-sindicato-unico-vitoria-solicitud-solar-para-local-social-comision-fomento-al-alcalde-4-10-12-1931-4-405x600.jpg 405w, https://vitoria.cnt.es/mh/wp-content/uploads/sites/2/2020/02/05-cnt-sindicato-unico-vitoria-solicitud-solar-para-local-social-comision-fomento-al-alcalde-4-10-12-1931-4-108x160.jpg 108w, https://vitoria.cnt.es/mh/wp-content/uploads/sites/2/2020/02/05-cnt-sindicato-unico-vitoria-solicitud-solar-para-local-social-comision-fomento-al-alcalde-4-10-12-1931-4-16x24.jpg 16w, https://vitoria.cnt.es/mh/wp-content/uploads/sites/2/2020/02/05-cnt-sindicato-unico-vitoria-solicitud-solar-para-local-social-comision-fomento-al-alcalde-4-10-12-1931-4-24x36.jpg 24w, https://vitoria.cnt.es/mh/wp-content/uploads/sites/2/2020/02/05-cnt-sindicato-unico-vitoria-solicitud-solar-para-local-social-comision-fomento-al-alcalde-4-10-12-1931-4-32x48.jpg 32w, https://vitoria.cnt.es/mh/wp-content/uploads/sites/2/2020/02/05-cnt-sindicato-unico-vitoria-solicitud-solar-para-local-social-comision-fomento-al-alcalde-4-10-12-1931-4.jpg 1080w" sizes="auto, (max-width: 203px) 100vw, 203px" /></a></p>
<p>Comisión de Fomento del Ayuntamiento al alcalde sobre el escrito del Sindicato Único de CNT de Vitoria solicitando terrenos para la construcción de un edificio social. 4 y 10 de diciembre de 1931</p>

<p>4 y 10 de diciembre de 1931. Comisión de Fomento del Ayuntamiento al alcalde sobre el escrito del Sindicato Único solicitando terrenos para la construcción de un edificio social</p>

4 y 10-12-1931. CNT Sindicato Único de Vitoria. Solicitud solar para local social. Comisión de Fomento del Ayuntamiento al alcalde
