{"id":1957,"date":"2020-02-11T12:31:59","date_gmt":"2020-02-11T12:31:59","guid":{"rendered":"http:\/\/vitoria.cnt.es\/mh\/wp-content\/uploads\/sites\/2\/2020\/02\/04-cnt-sindicato-unico-vitoria-solicitud-solar-para-local-social-comision-fomento-al-alcalde-20-24-11-1931.jpg"},"modified":"2020-02-11T12:37:55","modified_gmt":"2020-02-11T12:37:55","slug":"04-cnt-sindicato-unico-vitoria-solicitud-solar-para-local-social-comision-fomento-al-alcalde-20-24-11-1931","status":"inherit","type":"attachment","link":"https:\/\/vitoria.cnt.es\/mh\/04-cnt-sindicato-unico-vitoria-solicitud-solar-para-local-social-comision-fomento-al-alcalde-20-24-11-1931\/","title":{"rendered":"04-CNT Sindicato \u00danico Vitoria. Solicitud solar para local social. Comisi\u00f3n de Fomento del Ayuntamiento al alcalde. 20 y 24-11-1931"},"author":1,"featured_media":0,"comment_status":"closed","ping_status":"closed","template":"","meta":{"jetpack_post_was_ever_published":false},"class_list":["post-1957","attachment","type-attachment","status-inherit","hentry"],"jetpack_sharing_enabled":true,"jetpack_shortlink":"https:\/\/wp.me\/a58fhe-vz","description":{"rendered":"<p class=\"attachment\"><a href='https:\/\/vitoria.cnt.es\/mh\/wp-content\/uploads\/sites\/2\/2020\/02\/04-cnt-sindicato-unico-vitoria-solicitud-solar-para-local-social-comision-fomento-al-alcalde-20-24-11-1931.jpg'><img loading=\"lazy\" decoding=\"async\" width=\"189\" height=\"300\" src=\"https:\/\/vitoria.cnt.es\/mh\/wp-content\/uploads\/sites\/2\/2020\/02\/04-cnt-sindicato-unico-vitoria-solicitud-solar-para-local-social-comision-fomento-al-alcalde-20-24-11-1931-189x300.jpg\" class=\"attachment-medium size-medium\" alt=\"20 y 24-11-1931. CNT Sindicato \u00danico de Vitoria. Solicitud solar para local social. Comisi\u00f3n de Fomento del Ayuntamiento al alcalde\" srcset=\"https:\/\/vitoria.cnt.es\/mh\/wp-content\/uploads\/sites\/2\/2020\/02\/04-cnt-sindicato-unico-vitoria-solicitud-solar-para-local-social-comision-fomento-al-alcalde-20-24-11-1931-189x300.jpg 189w, https:\/\/vitoria.cnt.es\/mh\/wp-content\/uploads\/sites\/2\/2020\/02\/04-cnt-sindicato-unico-vitoria-solicitud-solar-para-local-social-comision-fomento-al-alcalde-20-24-11-1931-768x1220.jpg 768w, https:\/\/vitoria.cnt.es\/mh\/wp-content\/uploads\/sites\/2\/2020\/02\/04-cnt-sindicato-unico-vitoria-solicitud-solar-para-local-social-comision-fomento-al-alcalde-20-24-11-1931-441x700.jpg 441w, https:\/\/vitoria.cnt.es\/mh\/wp-content\/uploads\/sites\/2\/2020\/02\/04-cnt-sindicato-unico-vitoria-solicitud-solar-para-local-social-comision-fomento-al-alcalde-20-24-11-1931-378x600.jpg 378w, https:\/\/vitoria.cnt.es\/mh\/wp-content\/uploads\/sites\/2\/2020\/02\/04-cnt-sindicato-unico-vitoria-solicitud-solar-para-local-social-comision-fomento-al-alcalde-20-24-11-1931-101x160.jpg 101w, https:\/\/vitoria.cnt.es\/mh\/wp-content\/uploads\/sites\/2\/2020\/02\/04-cnt-sindicato-unico-vitoria-solicitud-solar-para-local-social-comision-fomento-al-alcalde-20-24-11-1931-15x24.jpg 15w, https:\/\/vitoria.cnt.es\/mh\/wp-content\/uploads\/sites\/2\/2020\/02\/04-cnt-sindicato-unico-vitoria-solicitud-solar-para-local-social-comision-fomento-al-alcalde-20-24-11-1931-23x36.jpg 23w, https:\/\/vitoria.cnt.es\/mh\/wp-content\/uploads\/sites\/2\/2020\/02\/04-cnt-sindicato-unico-vitoria-solicitud-solar-para-local-social-comision-fomento-al-alcalde-20-24-11-1931-30x48.jpg 30w, https:\/\/vitoria.cnt.es\/mh\/wp-content\/uploads\/sites\/2\/2020\/02\/04-cnt-sindicato-unico-vitoria-solicitud-solar-para-local-social-comision-fomento-al-alcalde-20-24-11-1931.jpg 1007w\" sizes=\"auto, (max-width: 189px) 100vw, 189px\" \/><\/a><\/p>\n<p>Comisi\u00f3n de Fomento del Ayuntamiento al alcalde sobre el escrito del Sindicato \u00danico de CNT de Vitoria solicitando terrenos para la construcci\u00f3n de un edificio social. 20 y 24 de noviembre de 1931<\/p>\n"},"caption":{"rendered":"<p>20 y 24 de noviembre de 1931. Comisi\u00f3n de Fomento del Ayuntamiento al alcalde sobre el escrito del Sindicato \u00danico solicitando terrenos para la construcci\u00f3n de un edificio social<\/p>\n"},"alt_text":"20 y 24-11-1931. CNT Sindicato \u00danico de Vitoria. Solicitud solar para local social. Comisi\u00f3n de Fomento del Ayuntamiento al alcalde","media_type":"image","mime_type":"image\/jpeg","media_details":{"width":1007,"height":1600,"file":"2020\/02\/04-cnt-sindicato-unico-vitoria-solicitud-solar-para-local-social-comision-fomento-al-alcalde-20-24-11-1931.jpg","sizes":{"thumbnail":{"file":"04-cnt-sindicato-unico-vitoria-solicitud-solar-para-local-social-comision-fomento-al-alcalde-20-24-11-1931-150x150.jpg","width":150,"height":150,"mime_type":"image\/jpeg","source_url":"https:\/\/vitoria.cnt.es\/mh\/wp-content\/uploads\/sites\/2\/2020\/02\/04-cnt-sindicato-unico-vitoria-solicitud-solar-para-local-social-comision-fomento-al-alcalde-20-24-11-1931-150x150.jpg"},"medium":{"file":"04-cnt-sindicato-unico-vitoria-solicitud-solar-para-local-social-comision-fomento-al-alcalde-20-24-11-1931-189x300.jpg","width":189,"height":300,"mime_type":"image\/jpeg","source_url":"https:\/\/vitoria.cnt.es\/mh\/wp-content\/uploads\/sites\/2\/2020\/02\/04-cnt-sindicato-unico-vitoria-solicitud-solar-para-local-social-comision-fomento-al-alcalde-20-24-11-1931-189x300.jpg"},"medium_large":{"file":"04-cnt-sindicato-unico-vitoria-solicitud-solar-para-local-social-comision-fomento-al-alcalde-20-24-11-1931-768x1220.jpg","width":768,"height":1220,"mime_type":"image\/jpeg","source_url":"https:\/\/vitoria.cnt.es\/mh\/wp-content\/uploads\/sites\/2\/2020\/02\/04-cnt-sindicato-unico-vitoria-solicitud-solar-para-local-social-comision-fomento-al-alcalde-20-24-11-1931-768x1220.jpg"},"large":{"file":"04-cnt-sindicato-unico-vitoria-solicitud-solar-para-local-social-comision-fomento-al-alcalde-20-24-11-1931-441x700.jpg","width":441,"height":700,"mime_type":"image\/jpeg","source_url":"https:\/\/vitoria.cnt.es\/mh\/wp-content\/uploads\/sites\/2\/2020\/02\/04-cnt-sindicato-unico-vitoria-solicitud-solar-para-local-social-comision-fomento-al-alcalde-20-24-11-1931-441x700.jpg"},"classic-grid-listing":{"file":"04-cnt-sindicato-unico-vitoria-solicitud-solar-para-local-social-comision-fomento-al-alcalde-20-24-11-1931-378x600.jpg","width":378,"height":600,"mime_type":"image\/jpeg","source_url":"https:\/\/vitoria.cnt.es\/mh\/wp-content\/uploads\/sites\/2\/2020\/02\/04-cnt-sindicato-unico-vitoria-solicitud-solar-para-local-social-comision-fomento-al-alcalde-20-24-11-1931-378x600.jpg"},"classic-list-listing":{"file":"04-cnt-sindicato-unico-vitoria-solicitud-solar-para-local-social-comision-fomento-al-alcalde-20-24-11-1931-101x160.jpg","width":101,"height":160,"mime_type":"image\/jpeg","source_url":"https:\/\/vitoria.cnt.es\/mh\/wp-content\/uploads\/sites\/2\/2020\/02\/04-cnt-sindicato-unico-vitoria-solicitud-solar-para-local-social-comision-fomento-al-alcalde-20-24-11-1931-101x160.jpg"},"modern-grid-listing":{"file":"04-cnt-sindicato-unico-vitoria-solicitud-solar-para-local-social-comision-fomento-al-alcalde-20-24-11-1931-600x384.jpg","width":600,"height":384,"mime_type":"image\/jpeg","source_url":"https:\/\/vitoria.cnt.es\/mh\/wp-content\/uploads\/sites\/2\/2020\/02\/04-cnt-sindicato-unico-vitoria-solicitud-solar-para-local-social-comision-fomento-al-alcalde-20-24-11-1931-600x384.jpg"},"product-page-image":{"file":"04-cnt-sindicato-unico-vitoria-solicitud-solar-para-local-social-comision-fomento-al-alcalde-20-24-11-1931-378x600.jpg","width":378,"height":600,"mime_type":"image\/jpeg","source_url":"https:\/\/vitoria.cnt.es\/mh\/wp-content\/uploads\/sites\/2\/2020\/02\/04-cnt-sindicato-unico-vitoria-solicitud-solar-para-local-social-comision-fomento-al-alcalde-20-24-11-1931-378x600.jpg"},"product-category-page-image":{"file":"04-cnt-sindicato-unico-vitoria-solicitud-solar-para-local-social-comision-fomento-al-alcalde-20-24-11-1931-378x600.jpg","width":378,"height":600,"mime_type":"image\/jpeg","source_url":"https:\/\/vitoria.cnt.es\/mh\/wp-content\/uploads\/sites\/2\/2020\/02\/04-cnt-sindicato-unico-vitoria-solicitud-solar-para-local-social-comision-fomento-al-alcalde-20-24-11-1931-378x600.jpg"},"graphene_slider":{"file":"04-cnt-sindicato-unico-vitoria-solicitud-solar-para-local-social-comision-fomento-al-alcalde-20-24-11-1931-847x400.jpg","width":847,"height":400,"mime_type":"image\/jpeg","source_url":"https:\/\/vitoria.cnt.es\/mh\/wp-content\/uploads\/sites\/2\/2020\/02\/04-cnt-sindicato-unico-vitoria-solicitud-solar-para-local-social-comision-fomento-al-alcalde-20-24-11-1931-847x400.jpg"},"post-thumbnail":{"file":"04-cnt-sindicato-unico-vitoria-solicitud-solar-para-local-social-comision-fomento-al-alcalde-20-24-11-1931-1007x230.jpg","width":1007,"height":230,"mime_type":"image\/jpeg","source_url":"https:\/\/vitoria.cnt.es\/mh\/wp-content\/uploads\/sites\/2\/2020\/02\/04-cnt-sindicato-unico-vitoria-solicitud-solar-para-local-social-comision-fomento-al-alcalde-20-24-11-1931-1007x230.jpg"},"menu-24x24":{"file":"04-cnt-sindicato-unico-vitoria-solicitud-solar-para-local-social-comision-fomento-al-alcalde-20-24-11-1931-15x24.jpg","width":15,"height":24,"mime_type":"image\/jpeg","source_url":"https:\/\/vitoria.cnt.es\/mh\/wp-content\/uploads\/sites\/2\/2020\/02\/04-cnt-sindicato-unico-vitoria-solicitud-solar-para-local-social-comision-fomento-al-alcalde-20-24-11-1931-15x24.jpg"},"menu-36x36":{"file":"04-cnt-sindicato-unico-vitoria-solicitud-solar-para-local-social-comision-fomento-al-alcalde-20-24-11-1931-23x36.jpg","width":23,"height":36,"mime_type":"image\/jpeg","source_url":"https:\/\/vitoria.cnt.es\/mh\/wp-content\/uploads\/sites\/2\/2020\/02\/04-cnt-sindicato-unico-vitoria-solicitud-solar-para-local-social-comision-fomento-al-alcalde-20-24-11-1931-23x36.jpg"},"menu-48x48":{"file":"04-cnt-sindicato-unico-vitoria-solicitud-solar-para-local-social-comision-fomento-al-alcalde-20-24-11-1931-30x48.jpg","width":30,"height":48,"mime_type":"image\/jpeg","source_url":"https:\/\/vitoria.cnt.es\/mh\/wp-content\/uploads\/sites\/2\/2020\/02\/04-cnt-sindicato-unico-vitoria-solicitud-solar-para-local-social-comision-fomento-al-alcalde-20-24-11-1931-30x48.jpg"},"full":{"file":"04-cnt-sindicato-unico-vitoria-solicitud-solar-para-local-social-comision-fomento-al-alcalde-20-24-11-1931.jpg","width":1007,"height":1600,"mime_type":"image\/jpeg","source_url":"https:\/\/vitoria.cnt.es\/mh\/wp-content\/uploads\/sites\/2\/2020\/02\/04-cnt-sindicato-unico-vitoria-solicitud-solar-para-local-social-comision-fomento-al-alcalde-20-24-11-1931.jpg"}},"image_meta":{"aperture":"0","credit":"","camera":"","caption":"","created_timestamp":"0","copyright":"","focal_length":"0","iso":"0","shutter_speed":"0","title":"","orientation":"0","keywords":[]}},"post":null,"source_url":"https:\/\/vitoria.cnt.es\/mh\/wp-content\/uploads\/sites\/2\/2020\/02\/04-cnt-sindicato-unico-vitoria-solicitud-solar-para-local-social-comision-fomento-al-alcalde-20-24-11-1931.jpg","_links":{"self":[{"href":"https:\/\/vitoria.cnt.es\/mh\/wp-json\/wp\/v2\/media\/1957","targetHints":{"allow":["GET"]}}],"collection":[{"href":"https:\/\/vitoria.cnt.es\/mh\/wp-json\/wp\/v2\/media"}],"about":[{"href":"https:\/\/vitoria.cnt.es\/mh\/wp-json\/wp\/v2\/types\/attachment"}],"author":[{"embeddable":true,"href":"https:\/\/vitoria.cnt.es\/mh\/wp-json\/wp\/v2\/users\/1"}],"replies":[{"embeddable":true,"href":"https:\/\/vitoria.cnt.es\/mh\/wp-json\/wp\/v2\/comments?post=1957"}]}}

04-CNT Sindicato Único Vitoria. Solicitud solar para local social. Comisión de Fomento del Ayuntamiento al alcalde. 20 y 24-11-1931

<p class="attachment"><a href='https://vitoria.cnt.es/mh/wp-content/uploads/sites/2/2020/02/04-cnt-sindicato-unico-vitoria-solicitud-solar-para-local-social-comision-fomento-al-alcalde-20-24-11-1931.jpg'><img loading="lazy" decoding="async" width="189" height="300" src="https://vitoria.cnt.es/mh/wp-content/uploads/sites/2/2020/02/04-cnt-sindicato-unico-vitoria-solicitud-solar-para-local-social-comision-fomento-al-alcalde-20-24-11-1931-189x300.jpg" class="attachment-medium size-medium" alt="20 y 24-11-1931. CNT Sindicato Único de Vitoria. Solicitud solar para local social. Comisión de Fomento del Ayuntamiento al alcalde" srcset="https://vitoria.cnt.es/mh/wp-content/uploads/sites/2/2020/02/04-cnt-sindicato-unico-vitoria-solicitud-solar-para-local-social-comision-fomento-al-alcalde-20-24-11-1931-189x300.jpg 189w, https://vitoria.cnt.es/mh/wp-content/uploads/sites/2/2020/02/04-cnt-sindicato-unico-vitoria-solicitud-solar-para-local-social-comision-fomento-al-alcalde-20-24-11-1931-768x1220.jpg 768w, https://vitoria.cnt.es/mh/wp-content/uploads/sites/2/2020/02/04-cnt-sindicato-unico-vitoria-solicitud-solar-para-local-social-comision-fomento-al-alcalde-20-24-11-1931-441x700.jpg 441w, https://vitoria.cnt.es/mh/wp-content/uploads/sites/2/2020/02/04-cnt-sindicato-unico-vitoria-solicitud-solar-para-local-social-comision-fomento-al-alcalde-20-24-11-1931-378x600.jpg 378w, https://vitoria.cnt.es/mh/wp-content/uploads/sites/2/2020/02/04-cnt-sindicato-unico-vitoria-solicitud-solar-para-local-social-comision-fomento-al-alcalde-20-24-11-1931-101x160.jpg 101w, https://vitoria.cnt.es/mh/wp-content/uploads/sites/2/2020/02/04-cnt-sindicato-unico-vitoria-solicitud-solar-para-local-social-comision-fomento-al-alcalde-20-24-11-1931-15x24.jpg 15w, https://vitoria.cnt.es/mh/wp-content/uploads/sites/2/2020/02/04-cnt-sindicato-unico-vitoria-solicitud-solar-para-local-social-comision-fomento-al-alcalde-20-24-11-1931-23x36.jpg 23w, https://vitoria.cnt.es/mh/wp-content/uploads/sites/2/2020/02/04-cnt-sindicato-unico-vitoria-solicitud-solar-para-local-social-comision-fomento-al-alcalde-20-24-11-1931-30x48.jpg 30w, https://vitoria.cnt.es/mh/wp-content/uploads/sites/2/2020/02/04-cnt-sindicato-unico-vitoria-solicitud-solar-para-local-social-comision-fomento-al-alcalde-20-24-11-1931.jpg 1007w" sizes="auto, (max-width: 189px) 100vw, 189px" /></a></p>
<p>Comisión de Fomento del Ayuntamiento al alcalde sobre el escrito del Sindicato Único de CNT de Vitoria solicitando terrenos para la construcción de un edificio social. 20 y 24 de noviembre de 1931</p>

<p>20 y 24 de noviembre de 1931. Comisión de Fomento del Ayuntamiento al alcalde sobre el escrito del Sindicato Único solicitando terrenos para la construcción de un edificio social</p>

20 y 24-11-1931. CNT Sindicato Único de Vitoria. Solicitud solar para local social. Comisión de Fomento del Ayuntamiento al alcalde
