{"id":10,"date":"2014-05-20T20:09:01","date_gmt":"2014-05-20T20:09:01","guid":{"rendered":"http:\/\/cnt-ait.net\/mhalava\/?page_id=10"},"modified":"2021-11-04T20:32:13","modified_gmt":"2021-11-04T20:32:13","slug":"historia-de-la-cnt-en-alava","status":"publish","type":"page","link":"https:\/\/vitoria.cnt.es\/mh\/historia-de-la-cnt-en-alava\/","title":{"rendered":"<strong>LA HISTORIA<\/strong>"},"content":{"rendered":"<p><span style=\"font-size: x-large;\"><strong>ANARQUISTAS Y CONFEDERALES EN \u00c1LAVA<\/strong><\/span><\/p>\n<h3><em>Miguel \u00cd\u00f1iguez y Juan G\u00f3mez Per\u00edn<\/em><\/h3>\n<ul>\n<li>\n<h4><span class=\"enlaceListaPagina\"><a href=\"http:\/\/vitoria.cnt.es\/mh\/arrancando\/\">ARRANCANDO<\/a><\/span><\/h4>\n<\/li>\n<li>\n<h4><span class=\"enlaceListaPagina\"><a href=\"http:\/\/vitoria.cnt.es\/mh\/la-historia-los-viejos-tiempos-de-la-federacion-regional\/\">LOS VIEJOS TIEMPOS DE LA FEDERACI\u00d3N REGIONAL<\/a><\/span><\/h4>\n<\/li>\n<li>\n<h4><span class=\"enlaceListaPagina\"><a href=\"http:\/\/vitoria.cnt.es\/mh\/la-historia-la-fundacion-de-la-cnt\/\">LA FUNDACI\u00d3N DE LA CNT<\/a><\/span><\/h4>\n<\/li>\n<li>\n<h4><span class=\"enlaceListaPagina\"><a href=\"http:\/\/vitoria.cnt.es\/mh\/la-historia-la-cnt-en-alava-se-mueve\/\">LA CNT EN \u00c1LAVA SE MUEVE<\/a><\/span><\/h4>\n<\/li>\n<li>\n<h4><span class=\"enlaceListaPagina\"><a href=\"http:\/\/vitoria.cnt.es\/mh\/la-historia-del-crudo-invierno-a-la-florida-primavera\/\">DEL CRUDO INVIERNO A LA FLORIDA PRIMAVERA<\/a><\/span><\/h4>\n<\/li>\n<li>\n<h4><span class=\"enlaceListaPagina\"><a href=\"http:\/\/vitoria.cnt.es\/mh\/la-historia-abril-de-1931-llega-la-republica\/\" rel=\"noopener\">ABRIL DE 1931. LLEGA LA REP\u00daBLICA<\/a><\/span><\/h4>\n<\/li>\n<li>\n<h4><span class=\"enlaceListaPagina\"><a href=\"http:\/\/vitoria.cnt.es\/mh\/las-huelgas-de-la-republica-de-abril-a-noviembre-de-1931\/\">LAS HUELGAS DE LA REP\u00daBLICA DE ABRIL A NOVIEMBRE DE 1931<\/a><\/span><\/h4>\n<\/li>\n<li>\n<h4><span class=\"enlaceListaPagina\"><a href=\"http:\/\/vitoria.cnt.es\/mh\/la-historia-la-huelga-general-de-diciembre-de-1931-y-el-fin-de-ano\/\">LA HUELGA GENERAL DE DICIEMBRE DE 1931 Y EL FIN DE A\u00d1O<\/a><\/span><\/h4>\n<\/li>\n<li>\n<h4><span class=\"enlaceListaPagina\"><a href=\"http:\/\/vitoria.cnt.es\/mh\/la-historia-la-epoca-de-amilibia-parte-primera\/\">LA \u00c9POCA DE AMILIBIA. PARTE PRIMERA. METER EN CINTURA A LOS SINDICALISTAS. ENERO A ABRIL DE 1932<\/a><\/span><\/h4>\n<\/li>\n<li>\n<h4><span class=\"enlaceListaPagina\"><a href=\"http:\/\/vitoria.cnt.es\/mh\/la-historia-la-epoca-de-amilibia-parte-segunda-los-sucesos-del-14-de-abril-de-1932-y-sus-consecuencias\/\">LA \u00c9POCA DE AMILIBIA. PARTE SEGUNDA. LOS SUCESOS DEL 14 DE ABRIL DE 1932 Y SUS CONSECUENCIAS<\/a><\/span><\/h4>\n<\/li>\n<li>\n<h4><span class=\"enlaceListaPagina\"><a href=\"http:\/\/vitoria.cnt.es\/mh\/la-historia-la-epoca-de-amilibia-parte-tercera-de-mayo-a-octubre-de-1932\/\">LA \u00c9POCA DE AMILIBIA. PARTE TERCERA. DE MAYO A OCTUBRE DE 1932<\/a><\/span><\/h4>\n<\/li>\n<li>\n<h4><span class=\"enlaceListaPagina\"><a href=\"http:\/\/vitoria.cnt.es\/mh\/la-historia-1933-el-ano-de-las-bombas\/\">1933. EL A\u00d1O DE LAS BOMBAS<\/a><\/span><\/h4>\n<\/li>\n<li>\n<h4><span class=\"enlaceListaPagina\"><a href=\"http:\/\/vitoria.cnt.es\/mh\/la-historia-la-decembrina-insurreccion-anarquista-de-8-de-diciembre-de-1933\/\">LA DECEMBRINA. INSURRECCI\u00d3N ANARQUISTA DE 8 DE DICIEMBRE DE 1933<\/a><\/span><\/h4>\n<\/li>\n<li>\n<h4><span class=\"enlaceListaPagina\"><a href=\"https:\/\/vitoria.cnt.es\/mh\/la-historia-el-bienio-negro-noviembre-de-1933-a-febrero-de-1936\/\">EL BIENIO NEGRO: DE NOVIEMBRE DE 1933 A FEBRERO DE 1936<\/a><\/span><\/h4>\n<\/li>\n<li>\n<h4><a href=\"https:\/\/vitoria.cnt.es\/mh\/cargando-con-el-frente-popular-de-febrero-a-julio-de-1936-la-huelga-general-de-mayo-de-1936\/\">CARGANDO CON EL FRENTE POPULAR. DE FEBRERO A JULIO DE 1936. LA HUELGA GENERAL DE MAYO DE 1936<\/a><\/h4>\n<\/li>\n<li>\n<h4><a href=\"https:\/\/vitoria.cnt.es\/mh\/el-anarquismo-mas-alla-de-la-cnt-durante-los-anos-republicanos\/\">EL ANARQUISMO M\u00c1S ALL\u00c1 DE LA CNT DURANTE LOS A\u00d1OS REPUBLICANOS<\/a><\/h4>\n<\/li>\n<li>\n<h4><a href=\"https:\/\/vitoria.cnt.es\/mh\/la-guerra-y-la-represion-1936-1939\/\">LA GUERRA Y LA REPRESI\u00d3N, 1936 &#8211; 1939<\/a><\/h4>\n<\/li>\n<li>\n<h4><a href=\"https:\/\/vitoria.cnt.es\/mh\/la-clandestinidad-y-el-exilio\/\">LA CLANDESTINIDAD Y EL EXILIO<\/a><\/h4>\n<\/li>\n<\/ul>\n","protected":false},"excerpt":{"rendered":"<p>ANARQUISTAS Y CONFEDERALES EN \u00c1LAVA Miguel \u00cd\u00f1iguez y Juan G\u00f3mez Per\u00edn ARRANCANDO LOS VIEJOS TIEMPOS DE LA FEDERACI\u00d3N REGIONAL LA FUNDACI\u00d3N DE LA CNT LA CNT EN \u00c1LAVA SE MUEVE DEL CRUDO INVIERNO A LA FLORIDA PRIMAVERA ABRIL DE 1931. &hellip; <\/p>\n","protected":false},"author":3,"featured_media":0,"parent":0,"menu_order":0,"comment_status":"open","ping_status":"open","template":"","meta":{"jetpack_post_was_ever_published":false,"footnotes":""},"class_list":["post-10","page","type-page","status-publish","hentry"],"jetpack_sharing_enabled":true,"jetpack_shortlink":"https:\/\/wp.me\/P58fhe-a","_links":{"self":[{"href":"https:\/\/vitoria.cnt.es\/mh\/wp-json\/wp\/v2\/pages\/10","targetHints":{"allow":["GET"]}}],"collection":[{"href":"https:\/\/vitoria.cnt.es\/mh\/wp-json\/wp\/v2\/pages"}],"about":[{"href":"https:\/\/vitoria.cnt.es\/mh\/wp-json\/wp\/v2\/types\/page"}],"author":[{"embeddable":true,"href":"https:\/\/vitoria.cnt.es\/mh\/wp-json\/wp\/v2\/users\/3"}],"replies":[{"embeddable":true,"href":"https:\/\/vitoria.cnt.es\/mh\/wp-json\/wp\/v2\/comments?post=10"}],"version-history":[{"count":38,"href":"https:\/\/vitoria.cnt.es\/mh\/wp-json\/wp\/v2\/pages\/10\/revisions"}],"predecessor-version":[{"id":2646,"href":"https:\/\/vitoria.cnt.es\/mh\/wp-json\/wp\/v2\/pages\/10\/revisions\/2646"}],"wp:attachment":[{"href":"https:\/\/vitoria.cnt.es\/mh\/wp-json\/wp\/v2\/media?parent=10"}],"curies":[{"name":"wp","href":"https:\/\/api.w.org\/{rel}","templated":true}]}}

<p><span style="font-size: x-large;"><strong>ANARQUISTAS Y CONFEDERALES EN ÁLAVA</strong></span></p>
<h3><em>Miguel Íñiguez y Juan Gómez Perín</em></h3>
<ul>
<li>
<h4><span class="enlaceListaPagina"><a href="http://vitoria.cnt.es/mh/arrancando/">ARRANCANDO</a></span></h4>
</li>
<li>
<h4><span class="enlaceListaPagina"><a href="http://vitoria.cnt.es/mh/la-historia-los-viejos-tiempos-de-la-federacion-regional/">LOS VIEJOS TIEMPOS DE LA FEDERACIÓN REGIONAL</a></span></h4>
</li>
<li>
<h4><span class="enlaceListaPagina"><a href="http://vitoria.cnt.es/mh/la-historia-la-fundacion-de-la-cnt/">LA FUNDACIÓN DE LA CNT</a></span></h4>
</li>
<li>
<h4><span class="enlaceListaPagina"><a href="http://vitoria.cnt.es/mh/la-historia-la-cnt-en-alava-se-mueve/">LA CNT EN ÁLAVA SE MUEVE</a></span></h4>
</li>
<li>
<h4><span class="enlaceListaPagina"><a href="http://vitoria.cnt.es/mh/la-historia-del-crudo-invierno-a-la-florida-primavera/">DEL CRUDO INVIERNO A LA FLORIDA PRIMAVERA</a></span></h4>
</li>
<li>
<h4><span class="enlaceListaPagina"><a href="http://vitoria.cnt.es/mh/la-historia-abril-de-1931-llega-la-republica/" rel="noopener">ABRIL DE 1931. LLEGA LA REPÚBLICA</a></span></h4>
</li>
<li>
<h4><span class="enlaceListaPagina"><a href="http://vitoria.cnt.es/mh/las-huelgas-de-la-republica-de-abril-a-noviembre-de-1931/">LAS HUELGAS DE LA REPÚBLICA DE ABRIL A NOVIEMBRE DE 1931</a></span></h4>
</li>
<li>
<h4><span class="enlaceListaPagina"><a href="http://vitoria.cnt.es/mh/la-historia-la-huelga-general-de-diciembre-de-1931-y-el-fin-de-ano/">LA HUELGA GENERAL DE DICIEMBRE DE 1931 Y EL FIN DE AÑO</a></span></h4>
</li>
<li>
<h4><span class="enlaceListaPagina"><a href="http://vitoria.cnt.es/mh/la-historia-la-epoca-de-amilibia-parte-primera/">LA ÉPOCA DE AMILIBIA. PARTE PRIMERA. METER EN CINTURA A LOS SINDICALISTAS. ENERO A ABRIL DE 1932</a></span></h4>
</li>
<li>
<h4><span class="enlaceListaPagina"><a href="http://vitoria.cnt.es/mh/la-historia-la-epoca-de-amilibia-parte-segunda-los-sucesos-del-14-de-abril-de-1932-y-sus-consecuencias/">LA ÉPOCA DE AMILIBIA. PARTE SEGUNDA. LOS SUCESOS DEL 14 DE ABRIL DE 1932 Y SUS CONSECUENCIAS</a></span></h4>
</li>
<li>
<h4><span class="enlaceListaPagina"><a href="http://vitoria.cnt.es/mh/la-historia-la-epoca-de-amilibia-parte-tercera-de-mayo-a-octubre-de-1932/">LA ÉPOCA DE AMILIBIA. PARTE TERCERA. DE MAYO A OCTUBRE DE 1932</a></span></h4>
</li>
<li>
<h4><span class="enlaceListaPagina"><a href="http://vitoria.cnt.es/mh/la-historia-1933-el-ano-de-las-bombas/">1933. EL AÑO DE LAS BOMBAS</a></span></h4>
</li>
<li>
<h4><span class="enlaceListaPagina"><a href="http://vitoria.cnt.es/mh/la-historia-la-decembrina-insurreccion-anarquista-de-8-de-diciembre-de-1933/">LA DECEMBRINA. INSURRECCIÓN ANARQUISTA DE 8 DE DICIEMBRE DE 1933</a></span></h4>
</li>
<li>
<h4><span class="enlaceListaPagina"><a href="https://vitoria.cnt.es/mh/la-historia-el-bienio-negro-noviembre-de-1933-a-febrero-de-1936/">EL BIENIO NEGRO: DE NOVIEMBRE DE 1933 A FEBRERO DE 1936</a></span></h4>
</li>
<li>
<h4><a href="https://vitoria.cnt.es/mh/cargando-con-el-frente-popular-de-febrero-a-julio-de-1936-la-huelga-general-de-mayo-de-1936/">CARGANDO CON EL FRENTE POPULAR. DE FEBRERO A JULIO DE 1936. LA HUELGA GENERAL DE MAYO DE 1936</a></h4>
</li>
<li>
<h4><a href="https://vitoria.cnt.es/mh/el-anarquismo-mas-alla-de-la-cnt-durante-los-anos-republicanos/">EL ANARQUISMO MÁS ALLÁ DE LA CNT DURANTE LOS AÑOS REPUBLICANOS</a></h4>
</li>
<li>
<h4><a href="https://vitoria.cnt.es/mh/la-guerra-y-la-represion-1936-1939/">LA GUERRA Y LA REPRESIÓN, 1936 &#8211; 1939</a></h4>
</li>
<li>
<h4><a href="https://vitoria.cnt.es/mh/la-clandestinidad-y-el-exilio/">LA CLANDESTINIDAD Y EL EXILIO</a></h4>
</li>
</ul>

<p>ANARQUISTAS Y CONFEDERALES EN ÁLAVA Miguel Íñiguez y Juan Gómez Perín ARRANCANDO LOS VIEJOS TIEMPOS DE LA FEDERACIÓN REGIONAL LA FUNDACIÓN DE LA CNT LA CNT EN ÁLAVA SE MUEVE DEL CRUDO INVIERNO A LA FLORIDA PRIMAVERA ABRIL DE 1931. &hellip; </p>
