{"id":14,"date":"2014-05-20T20:10:09","date_gmt":"2014-05-20T20:10:09","guid":{"rendered":"http:\/\/cnt-ait.net\/mhalava\/?page_id=14"},"modified":"2020-06-27T23:30:04","modified_gmt":"2020-06-27T23:30:04","slug":"documentos","status":"publish","type":"page","link":"https:\/\/vitoria.cnt.es\/mh\/documentos\/","title":{"rendered":"<strong>Documentos Hist\u00f3ricos<\/strong>"},"content":{"rendered":"<p>LISTADO DE DOCUMENTOS HIST\u00d3RICOS PUBLICADOS:<\/p>\n<h5><strong><\/p>\n<ul>\n<li><span class=\"enlaceListaPagina\"><a href=\"http:\/\/vitoria.cnt.es\/mh\/documentos-historicoscnt-del-norte-27-de-diciembre-de-1936-recorte-situacion-del-frente-en-alava\/\">CNT DEL NORTE, 27 de diciembre de 1936<\/br>Recorte situaci\u00f3n del frente en \u00c1lava<\/a><\/span><\/li>\n<p><\/br><\/p>\n<li><span class=\"enlaceListaPagina\"><a href=\"http:\/\/vitoria.cnt.es\/mh\/documentos-historicos-el-batallon-isaac-puente-en-el-frente-de-villarreal-cnt-del-norte-28-de-enero-de-1937\/\">EL BATALL\u00d3N ISAAC PUENTE EN EL FRENTE DE VILLARREAL<\/br>CNT del Norte, 28 de enero de 1937<\/a><\/span><\/li>\n<p><\/br><\/p>\n<li><span class=\"enlaceListaPagina\"><a href=\"http:\/\/vitoria.cnt.es\/mh\/documentos-historicos-episodios-del-frente-recorte-cnt-del-norte-16-de-enero-de-1937\/\">EPISODIOS DEL FRENTE<\/br>CNT del Norte, 16 de enero de 1937<\/a><\/span><\/li>\n<p><\/br><\/p>\n<li><span class=\"enlaceListaPagina\"><a href=\"http:\/\/vitoria.cnt.es\/mh\/documentos-historicos-milicianos-del-batallon-bakunin-en-txibiarte-diciembre-1936-mayo-1937\/\">MILICIANOS DEL BATALL\u00d3N BAKUNIN EN TXIBIARTE<\/br>Diciembre de 1936-mayo de 1937<\/a><\/span><\/li>\n<p><\/br><\/p>\n<li><span class=\"enlaceListaPagina\"><a href=\"http:\/\/vitoria.cnt.es\/mh\/documentos-historicos-orden-de-libertad-de-antonio-barron-1-de-septiembre-de-1936\/\">ORDEN DE LIBERTAD DE ANTONIO BARR\u00d3N<\/br>1 de septiembre de 1936<\/a><\/span><\/li>\n<p><\/br><\/p>\n<li><span class=\"enlaceListaPagina\"><a href=\"http:\/\/vitoria.cnt.es\/mh\/documentos-historicos-solicitud-del-sindicato-unico-de-vitoria-de-un-solar-para-la-construccion-de-un-edificio-social-noviembre-a-diciembre-de-1931\/\">SOLICITUD DEL SINDICATO \u00daNICO DE VITORIA DE UN SOLAR PARA LA CONSTRUCCI\u00d3N DE UN EDIFICIO SOCIAL<\/br>Noviembre a diciembre de 1931<\/a><\/span><\/li>\n<p><\/br><\/p>\n<li><span class=\"enlaceListaPagina\"><a href=\"http:\/\/vitoria.cnt.es\/mh\/documentos-historicos-trincheras-en-el-monte-jarindo-aproximadamente-1945\/\">TRINCHERAS EN EL MONTE JARINDO<\/br>Aproximadamente 1945<\/a><\/span><\/li>\n<\/ul>\n<p><\/strong><\/h5>\n","protected":false},"excerpt":{"rendered":"<p>LISTADO DE DOCUMENTOS HIST\u00d3RICOS PUBLICADOS: CNT DEL NORTE, 27 de diciembre de 1936Recorte situaci\u00f3n del frente en \u00c1lava EL BATALL\u00d3N ISAAC PUENTE EN EL FRENTE DE VILLARREALCNT del Norte, 28 de enero de 1937 EPISODIOS DEL FRENTECNT del Norte, 16 &hellip; <\/p>\n","protected":false},"author":3,"featured_media":408,"parent":0,"menu_order":0,"comment_status":"open","ping_status":"open","template":"","meta":{"jetpack_post_was_ever_published":false,"footnotes":""},"class_list":["post-14","page","type-page","status-publish","has-post-thumbnail","hentry"],"jetpack_sharing_enabled":true,"jetpack_shortlink":"https:\/\/wp.me\/P58fhe-e","_links":{"self":[{"href":"https:\/\/vitoria.cnt.es\/mh\/wp-json\/wp\/v2\/pages\/14","targetHints":{"allow":["GET"]}}],"collection":[{"href":"https:\/\/vitoria.cnt.es\/mh\/wp-json\/wp\/v2\/pages"}],"about":[{"href":"https:\/\/vitoria.cnt.es\/mh\/wp-json\/wp\/v2\/types\/page"}],"author":[{"embeddable":true,"href":"https:\/\/vitoria.cnt.es\/mh\/wp-json\/wp\/v2\/users\/3"}],"replies":[{"embeddable":true,"href":"https:\/\/vitoria.cnt.es\/mh\/wp-json\/wp\/v2\/comments?post=14"}],"version-history":[{"count":25,"href":"https:\/\/vitoria.cnt.es\/mh\/wp-json\/wp\/v2\/pages\/14\/revisions"}],"predecessor-version":[{"id":2376,"href":"https:\/\/vitoria.cnt.es\/mh\/wp-json\/wp\/v2\/pages\/14\/revisions\/2376"}],"wp:featuredmedia":[{"embeddable":true,"href":"https:\/\/vitoria.cnt.es\/mh\/wp-json\/wp\/v2\/media\/408"}],"wp:attachment":[{"href":"https:\/\/vitoria.cnt.es\/mh\/wp-json\/wp\/v2\/media?parent=14"}],"curies":[{"name":"wp","href":"https:\/\/api.w.org\/{rel}","templated":true}]}}

<strong>Documentos Históricos</strong>

<p>LISTADO DE DOCUMENTOS HISTÓRICOS PUBLICADOS:</p>
<h5><strong></p>
<ul>
<li><span class="enlaceListaPagina"><a href="http://vitoria.cnt.es/mh/documentos-historicoscnt-del-norte-27-de-diciembre-de-1936-recorte-situacion-del-frente-en-alava/">CNT DEL NORTE, 27 de diciembre de 1936</br>Recorte situación del frente en Álava</a></span></li>
<p></br></p>
<li><span class="enlaceListaPagina"><a href="http://vitoria.cnt.es/mh/documentos-historicos-el-batallon-isaac-puente-en-el-frente-de-villarreal-cnt-del-norte-28-de-enero-de-1937/">EL BATALLÓN ISAAC PUENTE EN EL FRENTE DE VILLARREAL</br>CNT del Norte, 28 de enero de 1937</a></span></li>
<p></br></p>
<li><span class="enlaceListaPagina"><a href="http://vitoria.cnt.es/mh/documentos-historicos-episodios-del-frente-recorte-cnt-del-norte-16-de-enero-de-1937/">EPISODIOS DEL FRENTE</br>CNT del Norte, 16 de enero de 1937</a></span></li>
<p></br></p>
<li><span class="enlaceListaPagina"><a href="http://vitoria.cnt.es/mh/documentos-historicos-milicianos-del-batallon-bakunin-en-txibiarte-diciembre-1936-mayo-1937/">MILICIANOS DEL BATALLÓN BAKUNIN EN TXIBIARTE</br>Diciembre de 1936-mayo de 1937</a></span></li>
<p></br></p>
<li><span class="enlaceListaPagina"><a href="http://vitoria.cnt.es/mh/documentos-historicos-orden-de-libertad-de-antonio-barron-1-de-septiembre-de-1936/">ORDEN DE LIBERTAD DE ANTONIO BARRÓN</br>1 de septiembre de 1936</a></span></li>
<p></br></p>
<li><span class="enlaceListaPagina"><a href="http://vitoria.cnt.es/mh/documentos-historicos-solicitud-del-sindicato-unico-de-vitoria-de-un-solar-para-la-construccion-de-un-edificio-social-noviembre-a-diciembre-de-1931/">SOLICITUD DEL SINDICATO ÚNICO DE VITORIA DE UN SOLAR PARA LA CONSTRUCCIÓN DE UN EDIFICIO SOCIAL</br>Noviembre a diciembre de 1931</a></span></li>
<p></br></p>
<li><span class="enlaceListaPagina"><a href="http://vitoria.cnt.es/mh/documentos-historicos-trincheras-en-el-monte-jarindo-aproximadamente-1945/">TRINCHERAS EN EL MONTE JARINDO</br>Aproximadamente 1945</a></span></li>
</ul>
<p></strong></h5>

<p>LISTADO DE DOCUMENTOS HISTÓRICOS PUBLICADOS: CNT DEL NORTE, 27 de diciembre de 1936Recorte situación del frente en Álava EL BATALLÓN ISAAC PUENTE EN EL FRENTE DE VILLARREALCNT del Norte, 28 de enero de 1937 EPISODIOS DEL FRENTECNT del Norte, 16 &hellip; </p>
